{"id":158,"date":"2014-09-14T16:34:52","date_gmt":"2014-09-14T14:34:52","guid":{"rendered":"http:\/\/www.gemischter-chor-munzingen.de\/?page_id=158"},"modified":"2022-04-25T13:16:34","modified_gmt":"2022-04-25T11:16:34","slug":"impressum","status":"publish","type":"page","link":"http:\/\/gemischter-chor-munzingen.de\/?page_id=158","title":{"rendered":"Impressum und Datenschutz"},"content":{"rendered":"<p>Der Gemischte Chor Munzingen ist seit 1921 ein eingetragener Verein.<br \/>\nGerichtsstand ist Freiburg im Breisgau.<\/p>\n<p>Der Gemischte Chor Munzingen nimmt den Schutz personenbezogener Daten gem. EU &#8211; DSGVO und BDSG seiner Mitglieder und seiner Partner ernst; er hat durch technische und organisatorische Ma\u00dfnahmen sichergestellt, dass die gesetzlichen Vorschriften \u00fcber den Datenschutz sowohl von ihm als auch von externen Dienstleistern beachtet und eingehalten werden. Die Beachtung dieser Verpflichtung wird vom Verein regelm\u00e4\u00dfig kontrolliert.<br \/>\nDie Erhebung, Verarbeitung, Nutzung und Weitergabe von Daten erfolgt mit Einwilligung des Dateninhabers und ausschlie\u00dflich zum Zweck der Erf\u00fcllung der Pflichten des Vereins.<\/p>\n<p>Die Weitergabe an Dritte erfolgt nur aus zwingenden Gr\u00fcnden und im Interesse des Vereins. Das betroffene Vereinsmitglied hat jederzeit die M\u00f6glichkeit, sich \u00fcber die Verwendung und den Verbleib seiner gesch\u00fctzten Daten zu informieren; er hat Anspruch auf Dokumentation der Einhaltung datenschutzrechtlicher Bestimmungen in Bezug auf ihn. Er hat das Recht, jederzeit eine erteilte Einwilligung zu widerrufen und die L\u00f6schung seiner Daten zu verlangen, Art. 17 DS-GVO.<\/p>\n<p>Partner des Vereins und Dritte werden durch die Einhaltung der Datenschutzbestimmungen durch die Verantwortlichen des Vereins in gleicher Weise gesch\u00fctzt. Es findet kein Verkauf oder keine unentgeltliche Weitergabe von Daten Dritter oder Partner des Vereins statt, es sei denn, es l\u00e4ge eine entsprechende Einwilligung vor.<\/p>\n<p>Bei der Einschaltung externer Dienstleister, denen personenbezogene Daten zur Verf\u00fcgung gestellt werden m\u00fcssen, ist durch Abschluss eines entsprechenden Vertrages sichergestellt, dass die Datenschutzbestimmungen in gleicher Weise auch vom beauftragten Unternehmen eingehalten werden.<\/p>\n<p>Im Fall des Widerrufs oder der Anzeige von falsch erhobenen Daten werden diese sofort gel\u00f6scht, Art. 21 i.V.m. \u00a7 18 DS-GVO. Auf das Beschwerderecht bei einer Datenschutzaufsichtsbeh\u00f6rde\u00a0 (Art. 77 DS-GVO i.V.m. \u00a7 19 BDSG) wird ausdr\u00fccklich hingewiesen. F\u00fcr uns zust\u00e4ndig ist der<\/p>\n<p>Landesbeauftragte f\u00fcr den Datenschutz und die Informationsfreiheit Baden-W\u00fcrttemberg<br \/>\nPostfach 10 29 32, 70025 Stuttgart<br \/>\nK\u00f6nigstra\u00dfe 10a, 70173 Stuttgart<br \/>\nTel.: 0711\/61 55 41 \u2013 0<br \/>\nFax: 0711\/61 55 41 \u2013 15<br \/>\nE-Mail: <a href=\"mailto:poststelle@lfdi.bwl.de\" target=\"_blank\" rel=\"nofollow noopener noreferrer\">poststelle@lfdi.bwl.de<\/a><br \/>\nInternet: <a href=\"https:\/\/www.baden-wuerttemberg.datenschutz.de\/\">https:\/\/www.baden-wuerttemberg.datenschutz.de<\/a><\/p>\n<p>Bundesbeauftragter f\u00fcr Datenschutz: Herr Ulrich Kelber, Tel.: 0228 &#8211; 99 77 99 &#8211; 0<\/p>\n<p>F\u00fcr Datenschutz und Datenverarbeitung in unserem Verein ist zust\u00e4ndig: Der Vorstand<\/p>\n","protected":false},"excerpt":{"rendered":"<p>Der Gemischte Chor Munzingen ist seit 1921 ein eingetragener Verein. Gerichtsstand ist Freiburg im Breisgau. Der Gemischte Chor Munzingen nimmt den Schutz personenbezogener Daten gem. EU &#8211; DSGVO und BDSG seiner Mitglieder und seiner Partner ernst; er hat durch technische &hellip; <a href=\"http:\/\/gemischter-chor-munzingen.de\/?page_id=158\">Weiterlesen <span class=\"meta-nav\">&rarr;<\/span><\/a><\/p>\n","protected":false},"author":6,"featured_media":0,"parent":0,"menu_order":5,"comment_status":"closed","ping_status":"closed","template":"","meta":{"footnotes":""},"class_list":["post-158","page","type-page","status-publish","hentry"],"_links":{"self":[{"href":"http:\/\/gemischter-chor-munzingen.de\/index.php?rest_route=\/wp\/v2\/pages\/158","targetHints":{"allow":["GET"]}}],"collection":[{"href":"http:\/\/gemischter-chor-munzingen.de\/index.php?rest_route=\/wp\/v2\/pages"}],"about":[{"href":"http:\/\/gemischter-chor-munzingen.de\/index.php?rest_route=\/wp\/v2\/types\/page"}],"author":[{"embeddable":true,"href":"http:\/\/gemischter-chor-munzingen.de\/index.php?rest_route=\/wp\/v2\/users\/6"}],"replies":[{"embeddable":true,"href":"http:\/\/gemischter-chor-munzingen.de\/index.php?rest_route=%2Fwp%2Fv2%2Fcomments&post=158"}],"version-history":[{"count":9,"href":"http:\/\/gemischter-chor-munzingen.de\/index.php?rest_route=\/wp\/v2\/pages\/158\/revisions"}],"predecessor-version":[{"id":520,"href":"http:\/\/gemischter-chor-munzingen.de\/index.php?rest_route=\/wp\/v2\/pages\/158\/revisions\/520"}],"wp:attachment":[{"href":"http:\/\/gemischter-chor-munzingen.de\/index.php?rest_route=%2Fwp%2Fv2%2Fmedia&parent=158"}],"curies":[{"name":"wp","href":"https:\/\/api.w.org\/{rel}","templated":true}]}}