{"id":119,"date":"2014-09-14T15:32:49","date_gmt":"2014-09-14T13:32:49","guid":{"rendered":"http:\/\/www.gemischter-chor-munzingen.de\/?page_id=119"},"modified":"2020-06-02T17:42:37","modified_gmt":"2020-06-02T15:42:37","slug":"repertoire","status":"publish","type":"page","link":"http:\/\/gemischter-chor-munzingen.de\/?page_id=119","title":{"rendered":"Repertoire"},"content":{"rendered":"<p>Der Gemischte Chor Munzingen besteht seit \u00fcber 25 Jahren. in dieser Zeit haben wir ein sehr umfangrreiches und abwechslungsreiches Repertoire erarbeitet, von dem wir f\u00fcr jede Gelegenheit passende St\u00fccke abrufen k\u00f6nnen.<\/p>\n<p>Das Repertoire umfasst alle Stilepochen von der Renaissance bis zur Moderne \/ zeitgen\u00f6ssische Komponisten, weltliche und geistliche sowie deutsche als auch ausl\u00e4ndische St\u00fccke.<\/p>\n<p>Hier einige Beispiele:<\/p>\n\n<table id=\"tablepress-3\" class=\"tablepress tablepress-id-3\" aria-describedby=\"tablepress-3-description\">\n<tbody>\n<tr class=\"row-1\">\n\t<td class=\"column-1\"><\/td><td class=\"column-2\"><\/td><td class=\"column-3\"><\/td>\n<\/tr>\n<tr class=\"row-2\">\n\t<td class=\"column-1\">A<\/td><td class=\"column-2\">Abend wird es wieder<\/td><td class=\"column-3\">Rinck, J. Chr. (Text: H.v. Fallersleben)<\/td>\n<\/tr>\n<tr class=\"row-3\">\n\t<td class=\"column-1\"><\/td><td class=\"column-2\">Ach, wie fl\u00fcchtig<\/td><td class=\"column-3\">Bach, Johann Sebastian<\/td>\n<\/tr>\n<tr class=\"row-4\">\n\t<td class=\"column-1\"><\/td><td class=\"column-2\">All mein Gedanken<\/td><td class=\"column-3\">Droste-H\u00fclshoff, Annette von<\/td>\n<\/tr>\n<tr class=\"row-5\">\n\t<td class=\"column-1\"><\/td><td class=\"column-2\">All my loving<\/td><td class=\"column-3\">Beatles<\/td>\n<\/tr>\n<tr class=\"row-6\">\n\t<td class=\"column-1\"><\/td><td class=\"column-2\">Amazing Grace<\/td><td class=\"column-3\">Engl. trad.<\/td>\n<\/tr>\n<tr class=\"row-7\">\n\t<td class=\"column-1\"><\/td><td class=\"column-2\">An hellen Tagen<\/td><td class=\"column-3\">Gastoldi, Giovanni Giacomo<\/td>\n<\/tr>\n<tr class=\"row-8\">\n\t<td class=\"column-1\">B<\/td><td class=\"column-2\">Boogie-Woogie<\/td><td class=\"column-3\"><\/td>\n<\/tr>\n<tr class=\"row-9\">\n\t<td class=\"column-1\">C<\/td><td class=\"column-2\">Cantemus<\/td><td class=\"column-3\">Bardos, Lajos<\/td>\n<\/tr>\n<tr class=\"row-10\">\n\t<td class=\"column-1\"><\/td><td class=\"column-2\">Chattanooga choo choo<\/td><td class=\"column-3\">Warren, H.; Gordon, M.<\/td>\n<\/tr>\n<tr class=\"row-11\">\n\t<td class=\"column-1\">D<\/td><td class=\"column-2\">Der alte Noah (= Lieber Wein statt Wasser)<\/td><td class=\"column-3\"><\/td>\n<\/tr>\n<tr class=\"row-12\">\n\t<td class=\"column-1\"><\/td><td class=\"column-2\">Der Herr ist mein Hirte (Psalm 23)<\/td><td class=\"column-3\"><\/td>\n<\/tr>\n<tr class=\"row-13\">\n\t<td class=\"column-1\"><\/td><td class=\"column-2\">Der Mond ist aufgegangen<\/td><td class=\"column-3\">Seifert, Adolf<\/td>\n<\/tr>\n<tr class=\"row-14\">\n\t<td class=\"column-1\"><\/td><td class=\"column-2\">Dos Kelbl<\/td><td class=\"column-3\">Sholom Secunda; Satz: Urban, Uwe<\/td>\n<\/tr>\n<tr class=\"row-15\">\n\t<td class=\"column-1\"><\/td><td class=\"column-2\">Drei sch\u00f6ne Dinge fein<\/td><td class=\"column-3\">Friderici, D.<\/td>\n<\/tr>\n<tr class=\"row-16\">\n\t<td class=\"column-1\"><\/td><td class=\"column-2\">Dreifach Wesen (= Alta Trinita)<\/td><td class=\"column-3\"><\/td>\n<\/tr>\n<tr class=\"row-17\">\n\t<td class=\"column-1\">E<\/td><td class=\"column-2\">Ecce, quomodo moritur iustus<\/td><td class=\"column-3\">Gallus-Petelin, Jacobus<\/td>\n<\/tr>\n<tr class=\"row-18\">\n\t<td class=\"column-1\"><\/td><td class=\"column-2\">Entflieh' mit mir (Entflieh mit mir; Es fiel ein Reif, Auf ihrem Grab)<\/td><td class=\"column-3\">Mendelssohn-Bartholdy, Felix<\/td>\n<\/tr>\n<tr class=\"row-19\">\n\t<td class=\"column-1\"><\/td><td class=\"column-2\">Erlaube mir, feins M\u00e4dchen<\/td><td class=\"column-3\">Brahms, Johannes<\/td>\n<\/tr>\n<tr class=\"row-20\">\n\t<td class=\"column-1\">F<\/td><td class=\"column-2\">Freude sch\u00f6ner G\u00f6tterfunken<\/td><td class=\"column-3\">Beethoven, Ludwig van<\/td>\n<\/tr>\n<tr class=\"row-21\">\n\t<td class=\"column-1\"><\/td><td class=\"column-2\">F\u00fcllt mit Schalle<\/td><td class=\"column-3\">Gluck, Ch. W.<\/td>\n<\/tr>\n<tr class=\"row-22\">\n\t<td class=\"column-1\">G<\/td><td class=\"column-2\">Gebet<\/td><td class=\"column-3\">Bruch, Max<\/td>\n<\/tr>\n<tr class=\"row-23\">\n\t<td class=\"column-1\"><\/td><td class=\"column-2\">Goodnight, sweetheart<\/td><td class=\"column-3\">Carter, Calvin; Hudson, James<\/td>\n<\/tr>\n<tr class=\"row-24\">\n\t<td class=\"column-1\"><\/td><td class=\"column-2\">Griechischer Wein<\/td><td class=\"column-3\"><\/td>\n<\/tr>\n<tr class=\"row-25\">\n\t<td class=\"column-1\"><\/td><td class=\"column-2\">Guantanamera<\/td><td class=\"column-3\">Fernandez, Joseito<\/td>\n<\/tr>\n<tr class=\"row-26\">\n\t<td class=\"column-1\">H<\/td><td class=\"column-2\">Heal the World<\/td><td class=\"column-3\">Jackson, Michael<\/td>\n<\/tr>\n<tr class=\"row-27\">\n\t<td class=\"column-1\"><\/td><td class=\"column-2\">Heast es net<\/td><td class=\"column-3\">Goisern, Hubert von<\/td>\n<\/tr>\n<tr class=\"row-28\">\n\t<td class=\"column-1\">I<\/td><td class=\"column-2\">Ich sag ade<\/td><td class=\"column-3\"><\/td>\n<\/tr>\n<tr class=\"row-29\">\n\t<td class=\"column-1\"><\/td><td class=\"column-2\">Il bianco e dolce cigno<\/td><td class=\"column-3\">Arcadelt<\/td>\n<\/tr>\n<tr class=\"row-30\">\n\t<td class=\"column-1\"><\/td><td class=\"column-2\">Im Abendrot<\/td><td class=\"column-3\">Schubert, Franz<\/td>\n<\/tr>\n<tr class=\"row-31\">\n\t<td class=\"column-1\"><\/td><td class=\"column-2\">In einem k\u00fchlen Grunde<\/td><td class=\"column-3\">Gl\u00fcck, Fr.; Satz: Silcher<\/td>\n<\/tr>\n<tr class=\"row-32\">\n\t<td class=\"column-1\">K<\/td><td class=\"column-2\">Kein sch\u00f6ner Land in dieser Zeit<\/td><td class=\"column-3\"><\/td>\n<\/tr>\n<tr class=\"row-33\">\n\t<td class=\"column-1\"><\/td><td class=\"column-2\">Kleiner Kalender<\/td><td class=\"column-3\">G. Schwarz\/J. Weinheber<\/td>\n<\/tr>\n<tr class=\"row-34\">\n\t<td class=\"column-1\"><\/td><td class=\"column-2\">Kukovca je kukala<\/td><td class=\"column-3\">Adamic, Emil<\/td>\n<\/tr>\n<tr class=\"row-35\">\n\t<td class=\"column-1\"><\/td><td class=\"column-2\">Kyrie (op. 33)<\/td><td class=\"column-3\">Mozart, Wolfgang Amadeus<\/td>\n<\/tr>\n<tr class=\"row-36\">\n\t<td class=\"column-1\">L<\/td><td class=\"column-2\">L'amore \u00e8 come l'ellera<\/td><td class=\"column-3\"><\/td>\n<\/tr>\n<tr class=\"row-37\">\n\t<td class=\"column-1\"><\/td><td class=\"column-2\">La maladie d'amour<\/td><td class=\"column-3\">R. Hausmann<\/td>\n<\/tr>\n<tr class=\"row-38\">\n\t<td class=\"column-1\"><\/td><td class=\"column-2\">Les yeux de la Marianita<\/td><td class=\"column-3\">Chailley, Jacques<\/td>\n<\/tr>\n<tr class=\"row-39\">\n\t<td class=\"column-1\"><\/td><td class=\"column-2\">Lieber Wein statt Wasser<\/td><td class=\"column-3\">Burkhardt, Alfons<\/td>\n<\/tr>\n<tr class=\"row-40\">\n\t<td class=\"column-1\"><\/td><td class=\"column-2\">Liebste, lass uns eilen<\/td><td class=\"column-3\">Praetorius, Michael<\/td>\n<\/tr>\n<tr class=\"row-41\">\n\t<td class=\"column-1\"><\/td><td class=\"column-2\">Linstead Market<\/td><td class=\"column-3\">Urban, Uwe<\/td>\n<\/tr>\n<tr class=\"row-42\">\n\t<td class=\"column-1\"><\/td><td class=\"column-2\">Lobt Gott mit Schall<\/td><td class=\"column-3\">Sch\u00fctz, Heinrich<\/td>\n<\/tr>\n<tr class=\"row-43\">\n\t<td class=\"column-1\"><\/td><td class=\"column-2\">Locus iste<\/td><td class=\"column-3\">Bruckner, Anton<\/td>\n<\/tr>\n<tr class=\"row-44\">\n\t<td class=\"column-1\">M<\/td><td class=\"column-2\">Mag auch die Liebe weinen<\/td><td class=\"column-3\"><\/td>\n<\/tr>\n<tr class=\"row-45\">\n\t<td class=\"column-1\"><\/td><td class=\"column-2\">Margot, labourez les vignes<\/td><td class=\"column-3\">Satz: Arcadelt, Jacob<\/td>\n<\/tr>\n<tr class=\"row-46\">\n\t<td class=\"column-1\"><\/td><td class=\"column-2\">Margot, labourez les vignes<\/td><td class=\"column-3\">franz. Volkslied<\/td>\n<\/tr>\n<tr class=\"row-47\">\n\t<td class=\"column-1\"><\/td><td class=\"column-2\">Mein kleiner, gr\u00fcner Kaktus<\/td><td class=\"column-3\">Reisfeld, Bert; Marcuse, Albrecht<\/td>\n<\/tr>\n<tr class=\"row-48\">\n\t<td class=\"column-1\"><\/td><td class=\"column-2\">Minnelied<\/td><td class=\"column-3\">Knorr, Ernst-Lothar von<\/td>\n<\/tr>\n<tr class=\"row-49\">\n\t<td class=\"column-1\"><\/td><td class=\"column-2\">Misa Criolla<\/td><td class=\"column-3\">Ramirez, A.; Arr.: Majcen, Igor<\/td>\n<\/tr>\n<tr class=\"row-50\">\n\t<td class=\"column-1\"><\/td><td class=\"column-2\">Mit Lieb bin ich umfangen<\/td><td class=\"column-3\">Arbeau, Toinot<\/td>\n<\/tr>\n<tr class=\"row-51\">\n\t<td class=\"column-1\">N<\/td><td class=\"column-2\">Nun sch\u00fcrz dich, Gretlein<\/td><td class=\"column-3\">Eccart, Johann<\/td>\n<\/tr>\n<tr class=\"row-52\">\n\t<td class=\"column-1\">O<\/td><td class=\"column-2\">O salutaris hostia<\/td><td class=\"column-3\">Liszt, Franz<\/td>\n<\/tr>\n<tr class=\"row-53\">\n\t<td class=\"column-1\"><\/td><td class=\"column-2\">O wie sch\u00f6n ist deine Welt<\/td><td class=\"column-3\">Schubert, Franz<\/td>\n<\/tr>\n<tr class=\"row-54\">\n\t<td class=\"column-1\"><\/td><td class=\"column-2\">Obsecro Domine<\/td><td class=\"column-3\">Gallus, Jacobus<\/td>\n<\/tr>\n<tr class=\"row-55\">\n\t<td class=\"column-1\"><\/td><td class=\"column-2\">Oh Happy Day<\/td><td class=\"column-3\">Hawkins, Edwin; Helbling, G.<\/td>\n<\/tr>\n<tr class=\"row-56\">\n\t<td class=\"column-1\"><\/td><td class=\"column-2\">Opelo<\/td><td class=\"column-3\">Mokranjak, Stevan<\/td>\n<\/tr>\n<tr class=\"row-57\">\n\t<td class=\"column-1\">P<\/td><td class=\"column-2\">Plaisir d'amour<\/td><td class=\"column-3\">Martini, J.P.; Ophoven, Hermann<\/td>\n<\/tr>\n<tr class=\"row-58\">\n\t<td class=\"column-1\"><\/td><td class=\"column-2\">Plovi, plovi<\/td><td class=\"column-3\">Simoniti, Rado<\/td>\n<\/tr>\n<tr class=\"row-59\">\n\t<td class=\"column-1\"><\/td><td class=\"column-2\">Poor Man Lazrus<\/td><td class=\"column-3\">Arr.: Hairston, Jester<\/td>\n<\/tr>\n<tr class=\"row-60\">\n\t<td class=\"column-1\">Q<\/td><td class=\"column-2\">Quam gallina<\/td><td class=\"column-3\">Gallus, Jacobus<\/td>\n<\/tr>\n<tr class=\"row-61\">\n\t<td class=\"column-1\">R<\/td><td class=\"column-2\">Requiem (1. Satz: Andante)<\/td><td class=\"column-3\">Verdi, Giuseppe<\/td>\n<\/tr>\n<tr class=\"row-62\">\n\t<td class=\"column-1\"><\/td><td class=\"column-2\">Rukovet<\/td><td class=\"column-3\">Mokranjak, Stevan<\/td>\n<\/tr>\n<tr class=\"row-63\">\n\t<td class=\"column-1\">S<\/td><td class=\"column-2\">Samiotissa<\/td><td class=\"column-3\">Satz: Urban, Uwe<\/td>\n<\/tr>\n<tr class=\"row-64\">\n\t<td class=\"column-1\"><\/td><td class=\"column-2\">Sanctus<\/td><td class=\"column-3\">Schubert, Franz<\/td>\n<\/tr>\n<tr class=\"row-65\">\n\t<td class=\"column-1\"><\/td><td class=\"column-2\">Schau auf die Welt<\/td><td class=\"column-3\">John Rutter<\/td>\n<\/tr>\n<tr class=\"row-66\">\n\t<td class=\"column-1\"><\/td><td class=\"column-2\">Schaut nur an<\/td><td class=\"column-3\"><\/td>\n<\/tr>\n<tr class=\"row-67\">\n\t<td class=\"column-1\"><\/td><td class=\"column-2\">Schlie\u00df' die Augen<\/td><td class=\"column-3\">Beatles: Lennon\/McCartney<\/td>\n<\/tr>\n<tr class=\"row-68\">\n\t<td class=\"column-1\"><\/td><td class=\"column-2\">Schw\u00e4bisches Quodlibet<\/td><td class=\"column-3\">K\u009fhlental, Fred<\/td>\n<\/tr>\n<tr class=\"row-69\">\n\t<td class=\"column-1\"><\/td><td class=\"column-2\">Sechs Kl\u00e4nge aus M\u00e4hren<br \/>\nScheiden ohne Leiden<br \/>\nDie Zuversicht<\/td><td class=\"column-3\">Antonin Dvorak<\/td>\n<\/tr>\n<tr class=\"row-70\">\n\t<td class=\"column-1\"><\/td><td class=\"column-2\">Si vous m'aimez<\/td><td class=\"column-3\">Sermisy, Claude de<\/td>\n<\/tr>\n<tr class=\"row-71\">\n\t<td class=\"column-1\"><\/td><td class=\"column-2\">So nimm denn meine H\u00e4nde<\/td><td class=\"column-3\">Silcher, Friedrich<\/td>\n<\/tr>\n<tr class=\"row-72\">\n\t<td class=\"column-1\"><\/td><td class=\"column-2\">Sprichw\u00f6rter A bis Z<\/td><td class=\"column-3\">Igor Majcen<\/td>\n<\/tr>\n<tr class=\"row-73\">\n\t<td class=\"column-1\"><\/td><td class=\"column-2\">Swing low, Sweet Chariot<\/td><td class=\"column-3\">Trad.<\/td>\n<\/tr>\n<tr class=\"row-74\">\n\t<td class=\"column-1\">T<\/td><td class=\"column-2\">Tant que vivrai<\/td><td class=\"column-3\">Sermisy, Claudin de<\/td>\n<\/tr>\n<tr class=\"row-75\">\n\t<td class=\"column-1\"><\/td><td class=\"column-2\">Tumbalalaika<\/td><td class=\"column-3\">Urban, Uwe<\/td>\n<\/tr>\n<tr class=\"row-76\">\n\t<td class=\"column-1\"><\/td><td class=\"column-2\">Turn, Turn, Turn<\/td><td class=\"column-3\">Seeger, Pete<\/td>\n<\/tr>\n<tr class=\"row-77\">\n\t<td class=\"column-1\">U<\/td><td class=\"column-2\">Unterwegs zu dir<\/td><td class=\"column-3\">Heurich, Winfried<\/td>\n<\/tr>\n<tr class=\"row-78\">\n\t<td class=\"column-1\">V<\/td><td class=\"column-2\">Vecerni ave<\/td><td class=\"column-3\">slowenisch<\/td>\n<\/tr>\n<tr class=\"row-79\">\n\t<td class=\"column-1\"><\/td><td class=\"column-2\">Viver lieto voglio<\/td><td class=\"column-3\">Gastoldi<\/td>\n<\/tr>\n<tr class=\"row-80\">\n\t<td class=\"column-1\"><\/td><td class=\"column-2\">Volkslieder-Suite (1. Die V\u00f6glein in dem Walde; 2. Wohlauf in Gottes sch\u00f6ne Welt; 3. Das schlesische Himmelsloch; 4. Ich wollte ein B\u00e4umlein steigen; 5. Wach auf, meines Herzens Sch\u00f6ne)<\/td><td class=\"column-3\">Stracke, Hans Richard<\/td>\n<\/tr>\n<tr class=\"row-81\">\n\t<td class=\"column-1\">W<\/td><td class=\"column-2\">Weihnachtslieder<\/td><td class=\"column-3\">diverse<\/td>\n<\/tr>\n<tr class=\"row-82\">\n\t<td class=\"column-1\"><\/td><td class=\"column-2\">Weit, weit weg<\/td><td class=\"column-3\">Goisern, Hubert von<\/td>\n<\/tr>\n<tr class=\"row-83\">\n\t<td class=\"column-1\"><\/td><td class=\"column-2\">Wenn ich trinke guten Wein<\/td><td class=\"column-3\">Anonym<\/td>\n<\/tr>\n<tr class=\"row-84\">\n\t<td class=\"column-1\"><\/td><td class=\"column-2\">When I'm sixty-four<\/td><td class=\"column-3\">Lennon\/McCartney<\/td>\n<\/tr>\n<tr class=\"row-85\">\n\t<td class=\"column-1\"><\/td><td class=\"column-2\">Where have all the flowers gone?<\/td><td class=\"column-3\">Seeger, Pete<\/td>\n<\/tr>\n<tr class=\"row-86\">\n\t<td class=\"column-1\"><\/td><td class=\"column-2\">Wirf dein Anliegen auf den Herrn<\/td><td class=\"column-3\">Mendelssohn-Bartholdy, Felix<\/td>\n<\/tr>\n<tr class=\"row-87\">\n\t<td class=\"column-1\"><\/td><td class=\"column-2\">Wohin mit der Freud'<\/td><td class=\"column-3\">Silcher, Friedrich<\/td>\n<\/tr>\n<tr class=\"row-88\">\n\t<td class=\"column-1\"><\/td><td class=\"column-2\">Wohlauf, ihr G\u00e4ste<\/td><td class=\"column-3\">Widmann, Erasmus<\/td>\n<\/tr>\n<tr class=\"row-89\">\n\t<td class=\"column-1\">XYZ<\/td><td class=\"column-2\">Yellow Submarine<\/td><td class=\"column-3\">Beatles; Arr.: Majcen, Igor<\/td>\n<\/tr>\n<tr class=\"row-90\">\n\t<td class=\"column-1\"><\/td><td class=\"column-2\">Yesterday<\/td><td class=\"column-3\">Beatles; Lennon, John, McCartney, Paul<\/td>\n<\/tr>\n<tr class=\"row-91\">\n\t<td class=\"column-1\"><\/td><td class=\"column-2\">Zwei kleine Italiener<\/td><td class=\"column-3\"><\/td>\n<\/tr>\n<\/tbody>\n<\/table>\n<span id=\"tablepress-3-description\" class=\"tablepress-table-description tablepress-table-description-id-3\">Repertoire <\/span>\n<!-- #tablepress-3 from cache -->\n","protected":false},"excerpt":{"rendered":"<p>Der Gemischte Chor Munzingen besteht seit \u00fcber 25 Jahren. in dieser Zeit haben wir ein sehr umfangrreiches und abwechslungsreiches Repertoire erarbeitet, von dem wir f\u00fcr jede Gelegenheit passende St\u00fccke abrufen k\u00f6nnen. Das Repertoire umfasst alle Stilepochen von der Renaissance bis &hellip; <a href=\"http:\/\/gemischter-chor-munzingen.de\/?page_id=119\">Weiterlesen <span class=\"meta-nav\">&rarr;<\/span><\/a><\/p>\n","protected":false},"author":6,"featured_media":0,"parent":111,"menu_order":4,"comment_status":"closed","ping_status":"closed","template":"","meta":{"footnotes":""},"class_list":["post-119","page","type-page","status-publish","hentry"],"_links":{"self":[{"href":"http:\/\/gemischter-chor-munzingen.de\/index.php?rest_route=\/wp\/v2\/pages\/119","targetHints":{"allow":["GET"]}}],"collection":[{"href":"http:\/\/gemischter-chor-munzingen.de\/index.php?rest_route=\/wp\/v2\/pages"}],"about":[{"href":"http:\/\/gemischter-chor-munzingen.de\/index.php?rest_route=\/wp\/v2\/types\/page"}],"author":[{"embeddable":true,"href":"http:\/\/gemischter-chor-munzingen.de\/index.php?rest_route=\/wp\/v2\/users\/6"}],"replies":[{"embeddable":true,"href":"http:\/\/gemischter-chor-munzingen.de\/index.php?rest_route=%2Fwp%2Fv2%2Fcomments&post=119"}],"version-history":[{"count":7,"href":"http:\/\/gemischter-chor-munzingen.de\/index.php?rest_route=\/wp\/v2\/pages\/119\/revisions"}],"predecessor-version":[{"id":591,"href":"http:\/\/gemischter-chor-munzingen.de\/index.php?rest_route=\/wp\/v2\/pages\/119\/revisions\/591"}],"up":[{"embeddable":true,"href":"http:\/\/gemischter-chor-munzingen.de\/index.php?rest_route=\/wp\/v2\/pages\/111"}],"wp:attachment":[{"href":"http:\/\/gemischter-chor-munzingen.de\/index.php?rest_route=%2Fwp%2Fv2%2Fmedia&parent=119"}],"curies":[{"name":"wp","href":"https:\/\/api.w.org\/{rel}","templated":true}]}}